{"id":1318,"date":"2025-03-20T10:23:37","date_gmt":"2025-03-20T10:23:37","guid":{"rendered":"https:\/\/itqore.themeht.com\/?page_id=1318"},"modified":"2025-10-02T14:53:57","modified_gmt":"2025-10-02T14:53:57","slug":"team-member","status":"publish","type":"page","link":"https:\/\/insieme.cl\/?page_id=1318","title":{"rendered":"Desarrollo Social"},"content":{"rendered":"\t\t<div data-elementor-type=\"wp-page\" data-elementor-id=\"1318\" class=\"elementor elementor-1318\">\n\t\t\t\t<div class=\"elementor-element elementor-element-c9c14ed e-con-full e-flex e-con e-parent\" data-id=\"c9c14ed\" data-element_type=\"container\">\n\t\t<div class=\"elementor-element elementor-element-1d26ebf e-con-full e-flex e-con e-child\" data-id=\"1d26ebf\" data-element_type=\"container\">\n\t\t\t\t<div class=\"elementor-element elementor-element-565fae0 elementor-widget elementor-widget-feature\" data-id=\"565fae0\" data-element_type=\"widget\" data-widget_type=\"feature.default\">\n\t\t\t\t<div class=\"elementor-widget-container\">\n\t\t\t\t\t\r\n                        <div class=\"featured-item style-1 \">\r\n                    <div class=\"ht-shape-btn\"><svg width=\"111\" height=\"111\" viewBox=\"0 0 111 111\" fill=\"none\" xmlns=\"http:\/\/www.w3.org\/2000\/svg\">\r\n                        <path fill-rule=\"evenodd\" clip-rule=\"evenodd\" d=\"M0 0C19.33 0 35 15.67 35 35V41C35 60.33 50.67 76 70 76H76C95.33 76 111 91.67 111 111V0H0Z\" fill=\"none\"><\/path>\r\n                    <\/svg><\/div>\r\n                    \r\n                                 <div class=\"featured-number\">\r\n           <span>01<\/span>\r\n                       <\/div>\r\n\t\t\t \r\n                    \r\n                  <div class=\"featured-icon\">\r\n                              <i class=\"flaticon flaticon-it-service\"><\/i>                    \r\n        <\/div>\r\n            <div class=\"featured-desc\">\r\n                <div class=\"featured-title\">\r\n            <h4>Asistencia y Orientaci\u00f3n Social<\/h4>\r\n          <\/div>\r\n            <p data-start=\"205\" data-end=\"372\">Brindamos apoyo en tr\u00e1mites, beneficios y derechos, acompa\u00f1ando a familias y personas en situaciones de vulnerabilidad para mejorar su calidad de vida.<\/p>          <\/div>\r\n        <\/div>\r\n                            \r\n                        \r\n                        \r\n            \r\n        \t\t\t\t<\/div>\n\t\t\t\t<\/div>\n\t\t\t\t<\/div>\n\t\t<div class=\"elementor-element elementor-element-b70d4ac e-con-full e-flex e-con e-child\" data-id=\"b70d4ac\" data-element_type=\"container\">\n\t\t\t\t<div class=\"elementor-element elementor-element-6f8278c elementor-widget elementor-widget-feature\" data-id=\"6f8278c\" data-element_type=\"widget\" data-widget_type=\"feature.default\">\n\t\t\t\t<div class=\"elementor-widget-container\">\n\t\t\t\t\t\r\n                        <div class=\"featured-item style-1 \">\r\n                    <div class=\"ht-shape-btn\"><svg width=\"111\" height=\"111\" viewBox=\"0 0 111 111\" fill=\"none\" xmlns=\"http:\/\/www.w3.org\/2000\/svg\">\r\n                        <path fill-rule=\"evenodd\" clip-rule=\"evenodd\" d=\"M0 0C19.33 0 35 15.67 35 35V41C35 60.33 50.67 76 70 76H76C95.33 76 111 91.67 111 111V0H0Z\" fill=\"none\"><\/path>\r\n                    <\/svg><\/div>\r\n                    \r\n                                 <div class=\"featured-number\">\r\n           <span>02<\/span>\r\n                       <\/div>\r\n\t\t\t \r\n                    \r\n                  <div class=\"featured-icon\">\r\n                              <i class=\"flaticon flaticon-cloud-computing-1\"><\/i>                    \r\n        <\/div>\r\n            <div class=\"featured-desc\">\r\n                <div class=\"featured-title\">\r\n            <h4>Integraci\u00f3n de Migrantes Italianos<\/h4>\r\n          <\/div>\r\n            <p>Apoyamos a ciudadanos italianos reci\u00e9n llegados a Chile, facilitando su adaptaci\u00f3n, orientaci\u00f3n laboral y vinculaci\u00f3n con la comunidad \u00edtalo-chilena.<\/p>          <\/div>\r\n        <\/div>\r\n                            \r\n                        \r\n                        \r\n            \r\n        \t\t\t\t<\/div>\n\t\t\t\t<\/div>\n\t\t\t\t<\/div>\n\t\t<div class=\"elementor-element elementor-element-1b86336 e-con-full e-flex e-con e-child\" data-id=\"1b86336\" data-element_type=\"container\">\n\t\t\t\t<div class=\"elementor-element elementor-element-49b19d9 elementor-widget elementor-widget-feature\" data-id=\"49b19d9\" data-element_type=\"widget\" data-widget_type=\"feature.default\">\n\t\t\t\t<div class=\"elementor-widget-container\">\n\t\t\t\t\t\r\n                        <div class=\"featured-item style-1 \">\r\n                    <div class=\"ht-shape-btn\"><svg width=\"111\" height=\"111\" viewBox=\"0 0 111 111\" fill=\"none\" xmlns=\"http:\/\/www.w3.org\/2000\/svg\">\r\n                        <path fill-rule=\"evenodd\" clip-rule=\"evenodd\" d=\"M0 0C19.33 0 35 15.67 35 35V41C35 60.33 50.67 76 70 76H76C95.33 76 111 91.67 111 111V0H0Z\" fill=\"none\"><\/path>\r\n                    <\/svg><\/div>\r\n                    \r\n                                 <div class=\"featured-number\">\r\n           <span>03<\/span>\r\n                       <\/div>\r\n\t\t\t \r\n                    \r\n                  <div class=\"featured-icon\">\r\n                              <i class=\"flaticon flaticon-machine-learning\"><\/i>                    \r\n        <\/div>\r\n            <div class=\"featured-desc\">\r\n                <div class=\"featured-title\">\r\n            <h4>Programas Comunitarios de Inclusi\u00f3n<\/h4>\r\n          <\/div>\r\n            <p>Generamos espacios de encuentro, participaci\u00f3n y solidaridad que fortalecen el sentido de comunidad.<\/p>          <\/div>\r\n        <\/div>\r\n                            \r\n                        \r\n                        \r\n            \r\n        \t\t\t\t<\/div>\n\t\t\t\t<\/div>\n\t\t\t\t<\/div>\n\t\t\t\t<\/div>\n\t\t<div class=\"elementor-element elementor-element-ee9e0d6 e-con-full e-flex e-con e-parent\" data-id=\"ee9e0d6\" data-element_type=\"container\">\n\t\t<div class=\"elementor-element elementor-element-10e5c86 e-con-full e-flex e-con e-child\" data-id=\"10e5c86\" data-element_type=\"container\">\n\t\t\t\t<div class=\"elementor-element elementor-element-8e83dc4 elementor-widget elementor-widget-title\" data-id=\"8e83dc4\" data-element_type=\"widget\" data-widget_type=\"title.default\">\n\t\t\t\t<div class=\"elementor-widget-container\">\n\t\t\t\t\t\r\n        <div class=\"theme-title ht-split-text  \">\r\n                          <h6 class=\"\">FUNDacion insieme<\/h6>\r\n\t\t\t \r\n          <h2 data-splitting> Comprometidos con el bienestar social<\/h2>\r\n                  \r\n\r\n        <\/div>\r\n        \r\n\r\n\r\n        \t\t\t\t<\/div>\n\t\t\t\t<\/div>\n\t\t\t\t<div class=\"elementor-element elementor-element-f8fe864 p-mb-0 ht-first-letter elementor-widget elementor-widget-text-editor\" data-id=\"f8fe864\" data-element_type=\"widget\" data-widget_type=\"text-editor.default\">\n\t\t\t\t\t\t\t\t\t<p>En Fundaci\u00f3n Insieme acompa\u00f1amos a personas y familias con apoyo, orientaci\u00f3n y programas que promueven la inclusi\u00f3n y la integraci\u00f3n comunitaria.<\/p>\t\t\t\t\t\t\t\t<\/div>\n\t\t\t\t<div class=\"elementor-element elementor-element-4d9c57f elementor-widget__width-initial elementor-widget elementor-widget-list_style\" data-id=\"4d9c57f\" data-element_type=\"widget\" data-widget_type=\"list_style.default\">\n\t\t\t\t<div class=\"elementor-widget-container\">\n\t\t\t\t\t\r\n        <!-- Start rendering the output -->\r\n        \r\n                    \r\n                         \r\n                            <ul class=\"list-unstyled list-icon style3\">\r\n                          <li><i class=\"flaticon flaticon-check-mark\"><\/i> Asesor\u00eda en beneficios sociales y legales.<\/li>\r\n                            <li><i class=\"flaticon flaticon-check-mark\"><\/i> Apoyo a migrantes italianos reci\u00e9n llegados.<\/li>\r\n                            <li><i class=\"flaticon flaticon-check-mark\"><\/i> Acompa\u00f1amiento a familias de escasos recursos.<\/li>\r\n                            <li><i class=\"flaticon flaticon-check-mark\"><\/i> Creaci\u00f3n de espacios comunitarios de integraci\u00f3n.<\/li>\r\n                          <\/ul>\r\n                \r\n        <!-- End rendering the output -->\r\n\r\n\r\n\r\n        \t\t\t\t<\/div>\n\t\t\t\t<\/div>\n\t\t\t\t<\/div>\n\t\t<div class=\"elementor-element elementor-element-f6c36e1 e-con-full e-flex e-con e-child\" data-id=\"f6c36e1\" data-element_type=\"container\">\n\t\t\t\t<div class=\"elementor-element elementor-element-526e6e1 ht-img-animation elementor-widget elementor-widget-image\" data-id=\"526e6e1\" data-element_type=\"widget\" data-widget_type=\"image.default\">\n\t\t\t\t\t<div class=\"elementor-widget-container\">\t\t\t\t\t\t\t\t\t\t<img fetchpriority=\"high\" decoding=\"async\" width=\"700\" height=\"600\" src=\"https:\/\/insieme.cl\/wp-content\/uploads\/2025\/10\/AdobeStock_428910505-700x600.jpeg\" class=\"attachment-itqore-700x600 size-itqore-700x600 wp-image-3010\" alt=\"\" \/>\t\t\t\t\t\t\t\t\t\t\t<\/div>\t\t\t\t<\/div>\n\t\t\t\t<\/div>\n\t\t\t\t<\/div>\n\t\t<div class=\"elementor-element elementor-element-db86f5d e-con-full e-flex e-con e-parent\" data-id=\"db86f5d\" data-element_type=\"container\">\n\t\t\t\t<div class=\"elementor-element elementor-element-8dd56a0 elementor-widget elementor-widget-ht-split-img-two\" data-id=\"8dd56a0\" data-element_type=\"widget\" data-widget_type=\"ht-split-img-two.default\">\n\t\t\t\t<div class=\"elementor-widget-container\">\n\t\t\t\t\t\r\n        <!-- Start rendering the output -->\r\n\r\n  <div class=\"sticky-panel-content\">\r\n    \r\n                            <div class=\"sticky-panel\">\r\n      <div class=\"sticky-panel-img\" data-bg-img=\"https:\/\/insieme.cl\/wp-content\/uploads\/2025\/10\/AdobeStock_333108652-scaled.jpeg\">\r\n               <\/div>  \r\n               <div class=\"sticky-panel-text\">\r\n                   <div class=\"step-icon\"><i aria-hidden=\"true\" class=\"flaticon flaticon-analysis\"><\/i>                       <\/div>\r\n                    <div class=\"split-number\">01                       <\/div>\r\n                    <h3>Desarrollo social que transforma vidas<\/h3>\r\n                <p>Impulsamos programas de apoyo y acompa\u00f1amiento que promueven la inclusi\u00f3n, el bienestar y la integraci\u00f3n comunitaria, con especial atenci\u00f3n a quienes m\u00e1s lo necesitan.<\/p>                \r\n                <a href=\"#\" class=\"themeht-btn primary-btn\"><span>Conversemos<\/span><svg class=\"ht-svg-arrow\" xmlns=\"http:\/\/www.w3.org\/2000\/svg\" xmlns:xlink=\"http:\/\/www.w3.org\/1999\/xlink\" x=\"0px\" y=\"0px\" width=\"10\" height=\"19\" viewBox=\"0 0 19 19\" xml:space=\"preserve\"><line x1=\"1\" y1=\"18\" x2=\"17.8\" y2=\"1.2\"><\/line><line x1=\"1.2\" y1=\"1\" x2=\"18\" y2=\"1\"><\/line><line x1=\"18\" y1=\"17.8\" x2=\"18\" y2=\"1\"><\/line><\/svg><\/a>\r\n               <\/div>\r\n    <\/div>\r\n    \r\n                        <div class=\"sticky-panel\">\r\n      <div class=\"sticky-panel-img\" data-bg-img=\"https:\/\/insieme.cl\/wp-content\/uploads\/2025\/10\/AdobeStock_673296250-scaled.jpeg\">\r\n               <\/div>  \r\n               <div class=\"sticky-panel-text\">\r\n                   <div class=\"step-icon\"><i aria-hidden=\"true\" class=\"flaticon flaticon-initiative\"><\/i>                       <\/div>\r\n                    <div class=\"split-number\">02                       <\/div>\r\n                    <h3>Compromiso con la comunidad<\/h3>\r\n                <p>Trabajamos de la mano con familias, j\u00f3venes y migrantes italianos, entregando orientaci\u00f3n y creando oportunidades para un futuro con mayor solidaridad y equidad.<\/p>                \r\n                <a href=\"#\" class=\"themeht-btn primary-btn\"><span>conversemos<\/span><svg class=\"ht-svg-arrow\" xmlns=\"http:\/\/www.w3.org\/2000\/svg\" xmlns:xlink=\"http:\/\/www.w3.org\/1999\/xlink\" x=\"0px\" y=\"0px\" width=\"10\" height=\"19\" viewBox=\"0 0 19 19\" xml:space=\"preserve\"><line x1=\"1\" y1=\"18\" x2=\"17.8\" y2=\"1.2\"><\/line><line x1=\"1.2\" y1=\"1\" x2=\"18\" y2=\"1\"><\/line><line x1=\"18\" y1=\"17.8\" x2=\"18\" y2=\"1\"><\/line><\/svg><\/a>\r\n               <\/div>\r\n    <\/div>\r\n    \r\n                        <div class=\"sticky-panel\">\r\n      <div class=\"sticky-panel-img\" data-bg-img=\"https:\/\/insieme.cl\/wp-content\/uploads\/2025\/10\/AdobeStock_246962569-scaled.jpeg\">\r\n               <\/div>  \r\n               <div class=\"sticky-panel-text\">\r\n                   <div class=\"step-icon\"><i aria-hidden=\"true\" class=\"flaticon flaticon-financial-idea\"><\/i>                       <\/div>\r\n                    <div class=\"split-number\">03                       <\/div>\r\n                    <h3>Construyendo inclusi\u00f3n y bienestar<\/h3>\r\n                <p data-start=\"83\" data-end=\"313\">En Fundaci\u00f3n Insieme generamos espacios de apoyo social que fortalecen a las personas y comunidades, creando v\u00ednculos solidarios para un desarrollo m\u00e1s justo e inclusivo.<\/p>                \r\n                <a href=\"#\" class=\"themeht-btn primary-btn\"><span>conversemos<\/span><svg class=\"ht-svg-arrow\" xmlns=\"http:\/\/www.w3.org\/2000\/svg\" xmlns:xlink=\"http:\/\/www.w3.org\/1999\/xlink\" x=\"0px\" y=\"0px\" width=\"10\" height=\"19\" viewBox=\"0 0 19 19\" xml:space=\"preserve\"><line x1=\"1\" y1=\"18\" x2=\"17.8\" y2=\"1.2\"><\/line><line x1=\"1.2\" y1=\"1\" x2=\"18\" y2=\"1\"><\/line><line x1=\"18\" y1=\"17.8\" x2=\"18\" y2=\"1\"><\/line><\/svg><\/a>\r\n               <\/div>\r\n    <\/div>\r\n    \r\n                          <\/div>\r\n\r\n\r\n        <!-- End rendering the output -->\r\n\r\n<script>\r\n        jQuery(window).on('load', function() {\r\nconst panels = gsap.utils.toArray(\".sticky-panel\");\r\n    ScrollTrigger.matchMedia({\r\n        \"(min-width: 992px)\": function() {\r\n                gsap.to(panels, {\r\n  xPercent: (i) => -100 * i,\r\n  x: (i) => i && 0 * (i - 1),\r\n  duration: (i) => i,\r\n  ease: \"none\",\r\n  scrollTrigger: {\r\n    trigger: \".sticky-panel-content\",\r\n    start: \"top 130\",\r\n    end: \"+=\" + 100 * panels.length + \"5\",\r\n    scrub: true,\r\n    pin: true,\r\n  }\r\n});\r\n        }\r\n    }) \r\n\r\n ScrollTrigger.matchMedia({\r\n    \"(max-width: 1200px)\": function() {\r\n        ScrollTrigger.getAll().forEach(t => t.kill())\r\n    }\r\n});\r\n\r\n        });\r\n        jQuery(window).on('load', function() {\r\n    gsap.delayedCall(1, () => ScrollTrigger.getAll().forEach((t) => {\r\n        t.refresh()\r\n    }))\r\n})\r\n      <\/script>\r\n        \t\t\t\t<\/div>\n\t\t\t\t<\/div>\n\t\t\t\t<\/div>\n\t\t\t\t<\/div>\n\t\t","protected":false},"excerpt":{"rendered":"<p>01 Asistencia y Orientaci\u00f3n Social Brindamos apoyo en tr\u00e1mites, beneficios y derechos, acompa\u00f1ando a familias y personas en situaciones de vulnerabilidad para mejorar su calidad de vida. 02 Integraci\u00f3n de Migrantes Italianos Apoyamos a ciudadanos italianos reci\u00e9n llegados a Chile, facilitando su adaptaci\u00f3n, orientaci\u00f3n laboral y vinculaci\u00f3n con la comunidad \u00edtalo-chilena. 03 Programas Comunitarios de [&hellip;]<\/p>\n","protected":false},"author":1,"featured_media":0,"parent":0,"menu_order":0,"comment_status":"closed","ping_status":"closed","template":"","meta":{"_acf_changed":false,"_monsterinsights_skip_tracking":false,"_monsterinsights_sitenote_active":false,"_monsterinsights_sitenote_note":"","_monsterinsights_sitenote_category":0,"footnotes":""},"class_list":["post-1318","page","type-page","status-publish","hentry"],"acf":[],"aioseo_notices":[],"_links":{"self":[{"href":"https:\/\/insieme.cl\/index.php?rest_route=\/wp\/v2\/pages\/1318","targetHints":{"allow":["GET"]}}],"collection":[{"href":"https:\/\/insieme.cl\/index.php?rest_route=\/wp\/v2\/pages"}],"about":[{"href":"https:\/\/insieme.cl\/index.php?rest_route=\/wp\/v2\/types\/page"}],"author":[{"embeddable":true,"href":"https:\/\/insieme.cl\/index.php?rest_route=\/wp\/v2\/users\/1"}],"replies":[{"embeddable":true,"href":"https:\/\/insieme.cl\/index.php?rest_route=%2Fwp%2Fv2%2Fcomments&post=1318"}],"version-history":[{"count":44,"href":"https:\/\/insieme.cl\/index.php?rest_route=\/wp\/v2\/pages\/1318\/revisions"}],"predecessor-version":[{"id":3037,"href":"https:\/\/insieme.cl\/index.php?rest_route=\/wp\/v2\/pages\/1318\/revisions\/3037"}],"wp:attachment":[{"href":"https:\/\/insieme.cl\/index.php?rest_route=%2Fwp%2Fv2%2Fmedia&parent=1318"}],"curies":[{"name":"wp","href":"https:\/\/api.w.org\/{rel}","templated":true}]}}